. What is p(a)?
5
Let y(i) = 11*i**2 + i. Suppose 5*z = -3*h, 13 = 5*h + 6*z - 2*z. Suppose 0 = -0*p + h*p + 65. Let n = -14 - p. Determine y(n).
10
Let t(y) = 2*y**2 + 10*y + 4. Let n(o) = 3*o**2 + 11*o + 2. Let g(p) = 3*n(p) - 4*t(p). What is g(9)?
8
Let u(q) = 2*q**3 - 14*q**2 - 25*q - 5. Let p(b) = b**3 - 7*b**2 - 12*b - 3. Let r(z) = 13*p(z) - 6*u(z). What is r(8)?
7
Let m(c) = -c**3 + c**2 + 2. Suppose 0 = 4*a - 57 - 51. Suppose -3*r = -a + 21. Give m(r).
-2
Let v(h) = 7*h - 3*h + 1 + 0. Let m be v(1). Let u(l) = -l - 6*l**2 + m*l**2 + l**2 - 4*l**2. Calculate u(-1).
-3
Let b(u) = u**3 + 7*u**2 + 7. Let k(w) = w**3 + 8*w**2 + 7. Let n(g) = 3*b(g) - 2*k(g). Give n(-5).
7
Let j(m) be the first derivative of m**5/20 - m**4/24 + m**3/6 + m**2 + 14. Let y(q) be the second derivative of j(q). Give y(1).
3
Let r be 2/(-15) + (-7988)/(-60). Let s = r - 137. Let l(o) = 4 + 0*o + 0*o + o. Give l(s).
0
Let d = 508 + -512. Let f(u) = u**3 + 5*u**2 - u - 1. Calculate f(d).
19
Let t(a) = a**3 - 8*a**2 + a + 3. Suppose -6*u + 3*d - 3 = -3*u, 21 = 3*u + 5*d. Let k(o) = -o**3 + 7*o**2 - 2*o - 2. Let c(x) = u*t(x) + 3*k(x). What is c(4)?
0
Let s be -5*(-1 - 14/(-10)). Let z(p) = -51*p - 25. Let t(i) = 16*i + 8. Let f(h) = 16*t(h) + 5*z(h). Give f(s).
1
Let v(b) = b - 8. Let i(a) = -a**2 - 22*a - 17. Let x be i(-21). Suppose -x*n + 3 + 33 = 0. Calculate v(n).
1
Let p(k) = 18 - 2 + 0 + 17741*k - 3 - 17743*k. Let a be (-3)/(-3 - (-24)/9). Give p(a).
-5
Let k(c) = -2*c - 2. Let m be (18/36)/((-1)/(-48)). Suppose 2*b + 4*b = -m. What is k(b)?
6
Let x(v) = -v**3 - 11*v**2 + 13*v + 2. Let o = 447 - 459. Give x(o).
-10
Let i(c) = 2*c + 42. Let u(m) = -11*m - 129. Let w be u(-10). What is i(w)?
4
Let u(z) = 3 + z**2 + 7*z - z**3 - 9*z**2 - 7. Suppose -11 = 4*r - 5*o, -3*o = 3*r - 107 + 149. Determine u(r).
14
Suppose -2*w + 3*l = 3 - 11, 0 = -w - l - 6. Let x be (-6)/(-15)*5*1. Let k(o) = 4*o**x + o**2 - 2*o**2 + 0*o**2. Determine k(w).
12
Let b(v) = v + 3. Let r(m) = -4*m - 15. Let a(s) = 9*b(s) + 2*r(s). Suppose -4*u - t = t - 30, -13 = -u + 5*t. Determine a(u).
5
Suppose 4*a = -4*n + 56, 4*n = -2*a - 0*a + 54. Suppose -4*b - n = o, -2*o + 0*o - 16 = 3*b. Let p(k) = -k**3 - 5*k**2 + 2*k + 6. Determine p(o).
-4
Let t be (1 + 9)*1/(-2). Let c(w) be the first derivative of 1/3*w**3 - 4*w + 2*w**2 - 60. What is c(t)?
1
Let h(n) be the first derivative of n**5/40 - n**4/12 - 2*n**3 + 6. Let i(q) be the third derivative of h(q). What is i(-2)?
-8
Suppose -3*z + 10 = -z. Let q(v) be the first derivative of v**2/2 - v + 5. Let r(a) = 2. Let c(l) = -2*q(l) - r(l). Determine c(z).
-10
Let j(a) = 39*a**2 - 2*a - 13. Let s(y) = 88*y**2 - 6*y - 26. Let r(f) = 9*j(f) - 4*s(f). Determine r(7).
-20
Let b = 43 - 38. Let i(h) = -2 + b + 4 - 1 - 2*h. Suppose 0 = -5*z - 14 + 49. Give i(z).
-8
Let a(t) = -16*t**2 - t - 1. Let h = -31 - -10. Let k = 20 + h. Determine a(k).
-16
Suppose 0 = 14*u + 150 - 38. Let g(j) = -j**3 - 10*j**2 - 11*j + 1. Give g(u).
-39
Let k be ((-3)/4)/(2/16). Let n = -24 - -26. Let f(w) = 7*w**2 - 7*w - 7*w**2 - w**n - 4. Determine f(k).
2
Let m(v) be the first derivative of -v**4/4 - 5*v**3/3 - 3*v**2 - 2*v + 15. Suppose 22 - 18 = -l. What is m(l)?
6
Let a(v) be the third derivative of -v**6/120 + v**5/15 + v**4/24 - 54*v**2 - 1. What is a(4)?
4
Let t(o) = 3*o - 1. Let z(y) = -7*y + 3. Let p(i) = -3*t(i) - z(i). Give p(3).
-6
Let f(w) = -2*w**3 + w**2 + 3*w + 2. Let o = 963 + -965. Give f(o).
16
Let w be (-147)/(-14)*(-24)/18. Let x(q) = 3*q + 8. Calculate x(w).
-34
Suppose 6*q - 52 = -28. Let n(j) = 6*j - 3*j - q*j - 34 + 43. Calculate n(0).
9
Let x = -2 + -2. Let t be (1 - 2) + (-8)/x. Let l(o) = -6*o**3 - o**2 - o + 1. Give l(t).
-7
Let v(j) = -j**2 - j - 3. Let g be (-2)/3 - (-24)/9. Suppose -g = 2*l - 6. Suppose -l*d = d. Calculate v(d).
-3
Let w(h) = -h**2 + h + 7. Let r be 4 + 0 + 1 + -3. Suppose -3*n = -r*n - 2*n. Give w(n).
7
Let g(u) = 3*u - 3. Let i be ((-4)/6)/((-2)/18). Let q = 317 - 315. Suppose -q*j + i + 0 = 0. Give g(j).
6
Let t(a) = a**2 - 6*a + 7. Let m be (7/28)/(1/4) + 4. Determine t(m).
2
Let w(c) = -c + 5. Let u(p) = -2*p - 3*p + 4*p**2 + p**3 - p + p**2 + 4. Let f be u(-6). Determine w(f).
1
Let x(m) = -184 + 351 + m**2 - 187 - 15*m. Calculate x(16).
-4
Let u(k) be the first derivative of k**3/3 - 5*k**2 + 17*k + 17. Calculate u(5).
-8
Let z(a) = -13*a + 22. Let g(d) = -495*d + 847. Let h(p) = -2*g(p) + 77*z(p). Give h(1).
-11
Let v = -176 - -179. Let j(l) be the third derivative of 0 - 5/24*l**4 + 1/2*l**v - 1/60*l**5 + 0*l + 7*l**2. Give j(-6).
-3
Let a(x) be the first derivative of -x**2/2 - x + 2. Let o(v) be the first derivative of -2*v**2 - v - 9. Let b(n) = -3*a(n) + o(n). Calculate b(4).
-2
Let p(a) = -7*a + 7. Let x(t) = -6*t + 7. Let s(z) = -5*p(z) + 6*x(z). Let c be 1/(78/(-8) + 10). Give s(c).
3
Let s(y) = -y + 1. Let c = -27 + 27. Suppose c*t - t + i - 4 = 0, i = -2*t - 17. Give s(t).
8
Let w(p) be the second derivative of -p**5/20 + p**4/2 + 7*p**3/6 + p**2 + 2*p + 1. What is w(7)?
2
Let s(k) = -3*k**2 - 46*k - 41. Let a(f) = f**2 + 15*f + 12. Let q(g) = -7*a(g) - 2*s(g). Calculate q(-11).
20
Let i(t) = -t + 1. Let f be (7/3)/((-4)/48*-4). Give i(f).
-6
Let c(x) be the second derivative of -x**5/20 + x**4/6 + 4*x**3/3 - 2*x**2 - 360*x. Calculate c(3).
11
Let c(l) = 5*l**2 + 7*l + 5. Let g(a) = -a**2. Let h(z) = -c(z) - 4*g(z). Let n(w) = -w**2 - w + 5. Let i be n(-4). Calculate h(i).
-5
Let h(m) = -7*m**3 - m**2 - m + 1. Let g be (6/(-1))/(-2) + 2. Suppose 0 = -4*t + 2*t - 2*k - 6, -k = -g*t + 9. Calculate h(t).
-8
Let j(s) be the second derivative of 0 + 2/3*s**4 + 0*s**3 - 1/60*s**5 + 1/720*s**6 + 3*s + 0*s**2. Let u(g) be the third derivative of j(g). What is u(4)?
2
Let d = -36 + 38. Let m(n) = 2*n**2 + 3*n**d - 4*n**2 + 6 + n. Determine m(0).
6
Let v(p) be the first derivative of p**5/30 + 7*p**4/24 + 29*p**3/3 - 23. Let u(j) be the third derivative of v(j). Calculate u(-6).
-17
Let k = -2 - -3. Let y(v) = -v**3. Let c(a) = a**2 + a - 1. Let q(j) = -c(j) - y(j). Let h(i) = -2*i**3 + 2*i**2 + 3*i - 2. Let u(g) = h(g) + 3*q(g). Give u(k).
1
Let w(p) = 140 - p + 131 - 277. What is w(-8)?
2
Suppose -3*h = 2*b, -15 = -3*b + 5*h + 4. Let y be (-6)/6*(b + -1). Let m be 4/(-14) + y/(-7). Let a(w) = -w**2 + 7. Give a(m).
7
Suppose 4*o - 2*p = 6, p = 4*o - 0*o - 7. Suppose -o*h = h + 24. Let z = h - -11. Let c(v) = -v**2 + 3*v - 3. Give c(z).
-3
Let s(n) = n + 40. Let b be s(26). Let l be (6/10)/(b/(-30) + 2). Let o(j) be the third derivative of j**4/6 - j**3/3 - j**2. Determine o(l).
-14
Let v(s) be the second derivative of s**5/10 - s**4/12 + s**3/2 - s**2/2 + 2*s. Suppose 167*d + 3 = -k + 168*d, -25 = -5*k - 3*d. Calculate v(k).
17
Let v(s) = s**2. Let o(d) be the first derivative of -d**4/4 + 10*d**3/3 - 4*d**2 - 7*d - 3. Let g be o(9). Determine v(g).
4
Let s(n) be the first derivative of -n**4/4 + 2*n**3 + 3*n**2/2 - 12*n - 334. Determine s(6).
6
Let x(h) be the third derivative of h**6/360 - 7*h**5/120 + h**4/12 - 4*h**3/3 + 9*h**2. Let i(k) be the first derivative of x(k). Give i(5).
-8
Suppose -3*p + j + 2*j = 9, -2*p - 4*j = -18. Let b be 6*p/8*4. Let h(i) = 2*i**b + 4*i**2 + i**3 - 6 + i**3 + 3*i - 5*i**3. Calculate h(4).
6
Suppose 39*f = 108 - 3 + 51. Let l(t) be the second derivative of t**3/3 - t**2/2 + t. Give l(f).
7
Let t(j) = -j**3 + 3*j + 2. Let g be t(-1). Suppose g = 3*d - 8 + 29. Let q(a) = -a - 12. Give q(d).
-5
Let h(a) = 5*a + 13. Let n(d) = 9*d + 25. Let y(t) = -11*h(t) + 6*n(t). Suppose -10*l = -5 - 35. Determine y(l).
3
Let x(d) = -49 + d + 23 + 0*d**2 + d**2 + 22. Let p(g) = -g**2 + 4. Let c(k) = -3*p(k) - 2*x(k). What is c(3)?
-1
Let z(y) = y**2 - 2*y + 2. Let x(t) = -t - 1. Let m be x(-4). Let p be z(m). Let q(g) = 23*g**2 - 27*g**2 - 4*g - 4*g**3 + 5*g**3. Give q(p).
5
Let w = 27 + -25. Suppose 4*s - w*p - 2*p - 4 = 0, -4*s + 2*p = 0. Let x(v) = 7*v. Determine x(s).
-7
Suppose 33*n + 60 = 324. Let v(i) be the second derivative of 0 + i + 1/12*i**4 - 4/3*i**3 + 0*i**2. Calculate v(n).
0
Let m(t) be the second derivative of -t**6/720 - t**5/30 - 5*t**4/12 - t. Let b(d) be the third derivative of m(d). Let x = -6 + 1. What is b(x)?
1
Let j(p) = -p**3 + 11*p**2 + 12. Suppose 5*c = -2*z + 68 - 